-17).
1161
Let v(w) = 10694*w + 1176188. Calculate v(-110).
-152
Let m(y) = -y**3 - 46*y**2 - 444*y - 16705. Calculate m(-44).
-1041
Let z(i) = -2*i**2 + 1946*i - 363331. Determine z(721).
53
Let h(z) = -2*z**2 + 106*z - 15. Give h(38).
1125
Let n(s) = 2465*s + 101051. Calculate n(-41).
-14
Let o(c) = -8374*c + 1450. What is o(0)?
1450
Let v(g) = 3*g**3 - 116*g**2 + 279*g - 3490. What is v(37)?
-12
Let k(r) = -r**3 - 21*r**2 + 524*r + 30. Determine k(15).
-210
Let r(p) = p**3 + 33*p**2 - 147*p + 16. What is r(-37)?
-21
Let x(y) = 12*y**3 - 173*y**2 - 173*y - 1. Calculate x(-1).
-13
Let d(q) = -8*q**2 - 5*q + 70. What is d(0)?
70
Let v(u) = -u**3 - 20*u**2 - 124*u - 8458. Give v(-27).
-7
Let t(r) = -763*r - 33614. What is t(-44)?
-42
Let k(y) = -44772*y + 179156. Give k(4).
68
Let j(m) = m**3 + 288*m**2 - 545*m + 10139. Give j(-290).
-11
Let w(j) = -3*j**3 - 14*j**2 - 2*j - 15. What is w(-2)?
-43
Let o(m) = -4396*m + 26315. What is o(6)?
-61
Let m(z) = -502*z + 7166. Calculate m(12).
1142
Let g(p) = p**2 + 161*p - 10134. Calculate g(40).
-2094
Let x(o) = -29*o**2 + 5930*o + 30002. What is x(-5)?
-373
Let u(n) = -5*n**3 + 43*n**2 + 94*n - 907. What is u(8)?
37
Let c(p) = 4*p**3 + 287*p**2 - 414*p - 3546. Calculate c(-73).
31
Let d(x) = -47*x**2 + 1723*x + 520. What is d(37)?
-72
Let w(b) = -2*b**3 + 31*b**2 - 112*b - 44. What is w(7)?
5
Let j(p) = 56*p - 2648. Calculate j(40).
-408
Let j(m) = -4*m**2 + 221*m + 2351. Give j(-9).
38
Let i(s) = -20*s**2 + 7509*s - 191056. Give i(348).
-4
Let p(h) = 2*h**3 - 781*h**2 + 11975*h + 77. Give p(16).
-67
Let p(w) = w**3 - 6*w**2 - 28*w - 13. What is p(8)?
-109
Let c(m) = -2*m**2 + 319*m + 2366. What is c(167)?
-139
Let x(t) = -2*t**3 + 999*t**2 + 6574*t + 1702. What is x(506)?
-322
Let f(z) = 523*z + 1052. Calculate f(2).
2098
Let a(s) = 12886*s - 141836. Give a(11).
-90
Let z(w) = -4*w**3 + 1457*w**2 - 168*w - 71366. Determine z(364).
-22
Let r(n) = n**3 - 63*n**2 - 169*n + 2514. Determine r(65).
-21
Let x(f) = -2*f**3 + 95*f**2 - 293*f + 365. What is x(44)?
1025
Let s(w) = -4699*w + 74997. Determine s(16).
-187
Let a(o) = -o**3 + 97*o**2 + 1059*o - 12. Give a(-10).
98
Let h(b) = 3*b**3 - 2935*b**2 + 6787*b + 43901. Give h(976).
-19
Let s(v) = -19*v**2 + 840*v + 629. What is s(45)?
-46
Let d(z) = z**3 + 13*z**2 - 2806*z - 22786. What is d(-8)?
-18
Let r(i) = -26684*i + 5870495. Determine r(220).
15
Let l(j) = 551274*j + 8820382. Calculate l(-16).
-2
Let u(a) = a**3 + 67*a**2 + 419*a - 575. Determine u(-60).
-515
Let r(q) = -q**2 + 54*q + 4070. What is r(-53)?
-1601
Let l(d) = -23*d**2 - 206*d + 112. Give l(-8).
288
Let c(i) = i**3 + 249*i**2 + 986*i + 1497. Determine c(-245).
27
Let a(f) = f**2 + 3372*f + 330390. What is a(-101)?
19
Let i(t) = 28067*t - 112243. Determine i(4).
25
Let f(m) = 51*m + 14985. Determine f(-292).
93
Let i(j) = -12*j**2 - 30*j + 46. Determine i(2).
-62
Let g(q) = 2*q**3 + 2036*q**2 + 2128*q + 95572. Calculate g(-1017).
-26
Let l(x) = 164*x - 3483. Calculate l(23).
289
Let s(t) = 43473*t + 2782283. Give s(-64).
11
Let m(a) = 427523*a + 1710087. Give m(-4).
-5
Let u(q) = -25699*q - 28448802. Give u(-1107).
-9
Let n(v) = 805*v + 13994. Determine n(-18).
-496
Let j(b) = -12*b**3 - 38*b**2 + 3717*b + 14713. Calculate j(-4).
5
Let o(q) = -10823*q + 64925. Determine o(6).
-13
Let t(q) = 102567*q + 1435977. Determine t(-14).
39
Let p(b) = -30025*b - 389880. Give p(-13).
445
Let s(w) = w**3 + 411*w**2 + 10726*w + 1040. Calculate s(-383).
274
Let h(m) = 3*m**3 - 7*m**2 - 42*m + 128. Determine h(6).
272
Let c(w) = 2*w**3 - 291*w**2 - 36636*w + 5337794. Give c(144).
2
Let r(m) = m**3 + 1488*m**2 - 2623*m + 531971. Calculate r(-1490).
41
Let p(q) = -q**3 - 15*q**2 - 9*q + 362. Determine p(-7).
33
Let v(n) = 18*n**2 - 17*n - 203. What is v(-7)?
798
Let k(f) = -462*f + 24010. What is k(52)?
-14
Let g(w) = 6702*w - 46998. What is g(7)?
-84
Let j(t) = -12*t**2 - 435*t + 806. Calculate j(-41).
-1531
Let q(j) = 6133*j + 177799. Calculate q(-29).
-58
Let t(r) = r**3 - 78*r**2 + 147*r + 797. Determine t(76).
417
Let p(a) = 6*a**3 - 634*a**2 + 9759*a - 1305. What is p(87)?
0
Let l(h) = h**3 + 68*h**2 - 2*h + 9633. What is l(-70)?
-27
Let k(x) = -229*x - 961. Give k(3).
-1648
Let s(c) = c**2 - 69548*c + 1251539. Determine s(18).
-1
Let n(p) = 49*p**2 + 6852*p - 8122. What is n(-141)?
-85
Let z(j) = -45*j**2 + 2116*j - 217. Calculate z(47).
-170
Let s(z) = -3*z**2 - 132567*z + 662899. Calculate s(5).
-11
Let o(r) = -409829*r**2 - 409806*r. Give o(-1).
-23
Let q(o) = -o**3 + 25*o**2 - 11747*o + 256982. Calculate q(22).
0
Let v(g) = -8*g**3 - 115*g**2 - 135*g + 144. What is v(-13)?
40
Let r(n) = -3130*n**2 - 15659*n + 7. Determine r(-5).
52
Let t(h) = -310*h + 134283. Calculate t(433).
53
Let y(l) = 142*l - 44724. What is y(315)?
6
Let c(a) = 198*a - 17513. Calculate c(89).
109
Let n(t) = 486*t + 30265. Calculate n(-62).
133
Let x(b) = 154443*b + 308793. Calculate x(-2).
-93
Let a(l) = -5*l**3 - 47*l**2 + 46*l + 837. Give a(-14).
4701
Let n(r) = 145*r**2 + 8031*r + 10858. Determine n(-54).
4
Let x(g) = -3*g**3 - 37*g**2 - 121*g - 12. What is x(-7)?
51
Let s(j) = -6303*j + 175852. Calculate s(28).
-632
Let v(p) = 6474*p + 161821. Give v(-25).
-29
Let y(s) = 14*s**2 - 438*s + 396. Calculate y(33).
1188
Let t(k) = 330*k**2 + 757031*k + 25241. Determine t(-2294).
7
Let x(g) = 14*g**2 - 182*g - 3. What is x(13)?
-3
Let f(c) = -6*c**2 - 992*c - 14076. Give f(-14).
-1364
Let i(v) = -17*v**2 + 3252*v - 3222. Give i(1).
13
Let k(h) = h**3 - 14*h**2 - 1848*h + 27544. Give k(15).
49
Let g(a) = 6*a**2 - 201*a + 2966. Determine g(26).
1796
Let w(f) = 7*f**2 + 46703*f + 326965. Give w(-7).
387
Let m(n) = 12740*n + 25617. Calculate m(-2).
137
Let q(z) = 514*z - 11287. Determine q(19).
-1521
Let f(y) = -1404*y + 12706. Give f(9).
70
Let d(c) = -578*c - 4243. Calculate d(-10).
1537
Let s(j) = 99*j + 3634. Determine s(-55).
-1811
Let u(c) = -16*c**3 + 1026*c**2 + 908*c - 90. Calculate u(65).
-220
Let p(m) = -101*m**3 - 2*m**2 - 46*m - 83. What is p(-2)?
809
Let k(q) = -3*q**3 - 3521*q**2 - 5804*q + 65639. Give k(-1172).
7
Let m(i) = -i**2 + 673*i + 6701. Calculate m(-10).
-129
Let a(f) = -3*f**2 - 172*f - 2437. Determine a(-31).
12
Let q(m) = 4*m**2 + 623*m + 1650. Determine q(-153).
-33
Let m(v) = -v**3 + 137*v**2 + 1583*v + 6674. What is m(148)?
14
Let l(j) = -5591*j + 16817. What is l(3)?
44
Let z(l) = -l**2 + 86*l - 1837. Determine z(67).
-564
Let y(w) = 1918*w + 38270. Give y(-20).
-90
Let j(r) = 6*r**3 - 1423*r**2 + 283*r - 10905. Determine j(237).
-3
Let s(j) = -j**3 - 33*j**2 - 45*j - 151. Calculate s(-7).
-1110
Let z(k) = -k**2 + 361*k + 123043. Calculate z(-214).
-7
Let l(w) = -3179*w - 41509. Calculate l(-13).
-182
Let t(n) = -16072*n - 1124844. Calculate t(-70).
196
Let w(h) = -6311*h - 5424. What is w(-1)?
887
Let k(p) = p**2 - 44*p - 8660. Give k(-78).
856
Let q(w) = -24125*w + 168877. Determine q(7).
2
Let h(n) = 3*n**2 - 100*n - 2482. Give h(58).
1810
Let z(q) = q**2 - 80042*q - 320195. Give z(-4).
-11
Let r(t) = -685*t + 221602. Give r(324).
-338
Let t(c) = 2214*c + 4080. Calculate t(-2).
-348
Let t(j) = 22586*j - 44758. Determine t(2).
414
Let x(s) = -411*s + 133730. What is x(325)?
155
Let r(f) = 15*f**2 + 11608*f + 573085. What is r(-53)?
-4
Let t(g) = -g**3 + 48*g**2 - 344*g - 2198. Give t(-4).
10
Let x(p) = -14*p**2 + 1078*p + 13689. Determine x(88).
137
Let u(k) = -1141*k**2 - 28535*k - 253. What is u(-25)?
-3
Let g(x) = -31*x**3 - 5207*x**2 + 163*x - 1297. Determine g(-168).
-457
Let k(i) = 15*i**2 + 51*i + 368. Calculate k(-8).
920
Let q(i) = -81*i**2 - 313*i + 1008. Give q(3).
-660
Let r(i) = i**3 + 117*i**2 - 20451*i - 643. What is r(-213)?
-4
Let y(r) = 261*r - 6102. Calculate y(26).
684
Let n(a) = 31*a - 504. Determine n(86).
2162
Let x(l) = -39790*l - 517348. Determine x(-13).
-78
Let l(i) = i**3 + 44*i**2 - 1716*i - 115. Give l(25).
110
Let p(k) = -1589*k**3 + 119177*k**2 - 149*k - 82. Give p(75).
-7
Let x(l) = 676*l + 4888. Calculate x(-7).
156
Let n(g) = 17*g**2 - 4348*g - 4929. What is n(257)?
468
Let q(m) = 237*m + 12725. Calculate q(-44).
2297
Let v(x) = 1537*x - 2819. What is v(3)?
1792
Let k(v) = -3208*v + 102646. Calculate k(32).
-10
Let w(g) = g**3 - 126*g**2 + 6981*g - 712360.